2?
2, 17, 10791673
List the prime factors of 170011412.
2, 42502853
What are the prime factors of 60396565?
5, 97, 124529
What are the prime factors of 80052097?
701, 114197
List the prime factors of 758205928.
2, 29, 43, 76003
What are the prime factors of 9863982?
2, 3, 547999
List the prime factors of 147486716.
2, 13, 31, 91493
List the prime factors of 1274732953.
13, 919, 106699
List the prime factors of 53517532.
2, 31, 157, 2749
List the prime factors of 321502755.
3, 5, 7, 3061931
List the prime factors of 139971556.
2, 19, 179, 10289
What are the prime factors of 618166544?
2, 3581, 10789
List the prime factors of 164470310.
2, 5, 29, 83, 6833
What are the prime factors of 44820852?
2, 3, 977, 3823
List the prime factors of 66751002.
2, 3, 347, 10687
List the prime factors of 84431791.
84431791
What are the prime factors of 196976356?
2, 31, 607, 2617
List the prime factors of 3558047490.
2, 3, 5, 967, 40883
What are the prime factors of 135282827?
135282827
What are the prime factors of 219510676?
2, 7, 11, 712697
List the prime factors of 2632673238.
2, 3, 13, 251, 134471
What are the prime factors of 5432971?
5432971
What are the prime factors of 3738971235?
3, 5, 313, 796373
List the prime factors of 72705775.
5, 71, 40961
List the prime factors of 1452514841.
2297, 632353
What are the prime factors of 822782224?
2, 11, 4674899
List the prime factors of 11127093.
3, 3709031
What are the prime factors of 259200897?
3, 86400299
List the prime factors of 51401312.
2, 1606291
What are the prime factors of 31798745?
5, 11, 241, 2399
List the prime factors of 225605398.
2, 112802699
What are the prime factors of 29860555?
5, 23, 259657
List the prime factors of 730080489.
3, 243360163
List the prime factors of 18292668.
2, 3, 19, 80231
What are the prime factors of 11468828?
2, 7, 149, 2749
What are the prime factors of 187282728?
2, 3, 2601149
What are the prime factors of 2579406005?
5, 11, 17, 250793
List the prime factors of 181063000.
2, 5, 181063
List the prime factors of 137178585.
3, 5, 3048413
List the prime factors of 41417524.
2, 67, 154543
List the prime factors of 2216032403.
13, 137, 1244263
What are the prime factors of 17531085?
3, 5, 11, 13, 743
List the prime factors of 375314271.
3, 125104757
List the prime factors of 39981938.
2, 197, 101477
List the prime factors of 139775402.
2, 13, 5375977
What are the prime factors of 112123302?
2, 3, 53, 352589
List the prime factors of 898718524.
2, 11, 41, 498181
List the prime factors of 36706198.
2, 3083, 5953
What are the prime factors of 749070262?
2, 374535131
What are the prime factors of 1607854378?
2, 13, 607, 101879
What are the prime factors of 324968978?
2, 23, 2287, 3089
List the prime factors of 537736086.
2, 3, 271, 110237
What are the prime factors of 723439968?
2, 3, 97, 77689
List the prime factors of 1141582037.
31, 107, 344161
What are the prime factors of 24372153?
3, 13, 208309
List the prime factors of 106205814.
2, 3, 11, 13, 31
What are the prime factors of 1499257106?
2, 113, 863, 7687
What are the prime factors of 244436602?
2, 523, 233687
List the prime factors of 233799210.
2, 3, 5, 31, 9311
What are the prime factors of 1550039271?
3, 11, 463, 101449
What are the prime factors of 186950011?
37, 523, 9661
What are the prime factors of 200606?
2, 7, 23, 89
List the prime factors of 55343365.
5, 7, 11, 43, 3343
List the prime factors of 759719722.
2, 1063, 357347
What are the prime factors of 2255762118?
2, 3, 19, 19787387
List the prime factors of 782417768.
2, 11, 661, 13451
What are the prime factors of 180559847?
13, 13889219
What are the prime factors of 1904815853?
1904815853
What are the prime factors of 3785157178?
2, 11, 79, 2177881
List the prime factors of 972085873.
11, 787, 112289
List the prime factors of 89361919.
37, 41, 58907
What are the prime factors of 592519321?
83, 7138787
List the prime factors of 924224729.
859, 887, 1213
What are the prime factors of 1150304009?
761, 1511569
List the prime factors of 145057714.
2, 53, 1368469
What are the prime factors of 12820671?
3, 1424519
What are the prime factors of 1878574?
2, 939287
What are the prime factors of 143192722?
2, 2801, 25561
What are the prime factors of 140884871?
29, 887, 5477
What are the prime factors of 86427976?
2, 139, 77723
List the prime factors of 4229343602.
2, 11, 41, 593, 7907
What are the prime factors of 36665445?
3, 5, 2444363
What are the prime factors of 776053118?
2, 11657, 33287
List the prime factors of 555998154.
2, 3, 92666359
What are the prime factors of 442924034?
2, 7, 191, 23663
List the prime factors of 6417286.
2, 47, 233, 293
List the prime factors of 152889916.
2, 151, 269, 941
What are the prime factors of 57205861?
61, 937801
What are the prime factors of 210127492?
2, 641, 81953
What are the prime factors of 68770136?
2, 29, 461, 643
What are the prime factors of 42899329?
11, 173, 22543
What are the prime factors of 734861705?
5, 1151, 127691
What are the prime factors of 42898454?
2, 21449227
What are the prime factors of 64769794?
2, 23, 769, 1831
What are the prime factors of 13805578?
2, 6902789
List the prime factors of 94940754.
2, 3, 1087, 14557
What are the prime factors of 45293776?
2, 11, 257351
List the prime factors of 80441208.
2, 3, 372413
What are the prime factors of 74759904?
2, 3, 259583
What are the prime factors of 41574572?
2, 13, 67, 11933
List the prime factors of 1569157562.
2, 7, 17, 131, 50329
What are the prime factors of 45307962?
2, 3, 7, 359587
What are the prime factors of 1079682064?
2, 29, 59, 39439
What are the prime factors of 125983707?
3, 41994569
List the prime factors of 211801410.
2, 3, 5, 257, 9157
List the prime factors of 2860230838.
2, 1430115419
What are the prime factors of 171964680?
2, 3, 5, 103, 13913
What are the prime factors of 246473525?
5, 109, 151, 599
What are the prime factors of 45336581?
37, 997, 1229
What are the prime factors of 254875389?
3, 6373, 13331
List the prime factors of 1578816746.
2, 13, 89, 682289
List the prime factors of 202120687.
83, 2435189
What are the prime factors of 662284339?
29, 151, 151241
List the prime factors of 47364025.
5, 271, 6991
List the prime factors of 2298764238.
2, 3, 67, 197, 29027
List the prime factors of 259276192.
2, 7, 647, 1789
What are the prime factors of 3182489469?
3, 43, 349, 23563
What are the prime factors of 35692106?
2, 67, 266359
What are the prime factors of 703661167?
11, 63969197
What are the prime factors of 61258634?
2, 4091, 7487
What are the prime factors of 1929966633?
3, 7, 17, 569, 3167
List the prime factors of 52985706.
2, 3, 83, 106397
List the prime factors of 868289968.
2, 7, 13, 19, 31387
What are the prime factors of 1213750002?
2, 3, 83, 647, 3767
What are the prime factors of 52502183?
43, 1220981
List the prime factors of 1475250689.
11, 67, 2001697
List the prime factors of 1181347311.
3, 393782437
List the prime factors of 197967666.
2, 3, 13, 47, 54001
List the prime factors of 398581981.
7, 19, 2996857
What are the prime factors of 266817889?
13, 157, 130729
What are the prime factors of 2913179712?
2, 3, 19, 798569
What are the prime factors of 46299290?
2, 5, 4629929
What are the prime factors of 191033223?
3, 63677741
What are the prime factors of 62485642?
2, 17, 19, 197, 491
List the prime factors of 214236050.
2, 5, 7, 29, 21107
What are the prime factors of 362562431?
7, 11, 4708603
What are the prime factors of 455034277?
23, 41, 482539
What are the prime factors of 313263392?
2, 13, 151, 4987
What are the prime factors of 225619054?
2, 31, 3639017
List the prime factors of 1203408856.
2, 13, 11571239
List the prime factors of 45984429.
3, 23, 24683
List the prime factors of 570489543.
3, 13, 4875979
What are the prime factors of 22186610?
2, 5, 1051, 2111
List the prime factors of 281755557.
3, 10435391
What are the prime factors of 6744261581?
179, 37677439
List the prime factors of 676292021.
676292021
List the prime factors of 195226776.
2, 3, 17, 159499
What are the prime factors of 54496859?
281, 193939
What are the prime factors of 2741414685?
3, 5, 163, 443, 2531
What are the prime factors of 493454513?
493454513
What are the prime factors of 152484540?
2, 3, 5, 13, 195493
List t